be (52/20 - 5)*70/(-3). Suppose -4*x = 4, -2*w + 10 = -3*x - 21. What is the greatest common divisor of k and w?
14
Let l be 5474/22 + (-2)/99*-9. Suppose -w + l = 95. What is the highest common factor of w and 198?
22
Let s = -311 + 308. Let h be (1*s/(-4))/((-10)/(-760)). Calculate the greatest common divisor of 855 and h.
57
Suppose 0 = -15*p + 1358 + 562. Suppose 8*k = 4*k + p. What is the highest common factor of 480 and k?
32
Suppose -17*v = -21*v + 20. Suppose 0 = v*m + 11 - 36, -4*o = -5*m - 199. Calculate the highest common factor of 196 and o.
28
Let z be -4 + (5 - -2) - -1. Suppose -z*k + 8*u = 5*u - 186, -4*u = k - 56. What is the highest common divisor of k and 216?
24
Let t be (-3 + 4)*(104 - 2). Suppose 0 = 3*h - 192 - t. Suppose 3*o = -5*r + h, -4*o = -r - r + 34. Calculate the greatest common factor of 209 and r.
19
Let a = 1198 - 841. Let y = a - 243. What is the highest common divisor of y and 42?
6
Suppose -5*p - 3 = -3*k - 0, 4 = -5*p + 4*k. Suppose y - 3*y + 2*c + 44 = p, 3*c = -3*y + 42. What is the greatest common divisor of y and 78?
6
Let u = -23497 - -23502. What is the highest common divisor of 485 and u?
5
Let r = -10 + -11. Let n = 127 - 143. Let l = n - r. What is the greatest common factor of l and 2?
1
Let p = -367 - -375. Suppose -5*x + 122 = -2*s, -5*s = -3*x + p*x - 115. What is the greatest common factor of x and 168?
24
Let l = 10456 + -10414. Calculate the greatest common factor of 6062 and l.
14
Let i be 1 + 19/1 - 0. Suppose -306*b - 252*b - 128*b + 109760 = 0. What is the highest common divisor of i and b?
20
Let n be (5/2)/(-3 + 1130/360). What is the greatest common factor of 2817 and n?
9
Let b be (-205)/(-82) + (-1775)/(-10). Calculate the greatest common factor of 14940 and b.
180
Suppose -4*x + 81 = -y, -17*x + 5*y - 13 = -19*x. What is the highest common factor of 8531 and x?
19
Let c(d) = 12*d + 1. Let m be c(1). Suppose 4*o + 119*o = 67 + 56. Calculate the greatest common factor of o and m.
1
Suppose -16 = -5*v - 4*a, 5*v = 5*a + 13 + 12. Suppose -v*y - 15 = -71. Suppose 4*m + m = 70. What is the highest common divisor of y and m?
14
Suppose 0 = -3*d + 9*c - 16*c + 297, -324 = -3*d + 2*c. Calculate the highest common divisor of d and 10282.
106
Suppose 0 = 36*p - 33*p - 30. Suppose -8*j + p*j = 16. Let u be (-10 + 37)*(2 + j/(-6)). Calculate the highest common factor of u and 18.
18
Let i(m) = 31*m - 402. Let h be i(14). Let j(v) = v + 4496. Let b be j(0). Let q be (-2)/7 - b/(-56). What is the highest common divisor of q and h?
16
Let a = 10246 + -10208. What is the greatest common factor of a and 274?
2
Let g = -182 - -122. Let x = g - -73. Let d be (-7)/21*-6 - (-1 - x). Calculate the greatest common divisor of d and 64.
16
Suppose -51445 + 12322 = -21*s. Calculate the highest common divisor of 552 and s.
69
Suppose -2*c = -3*w - 374, 575 = c + 2*c - w. Suppose c = 7*i + 151. Calculate the greatest common factor of i and 12.
6
Suppose -75*n + 21616 = -1135 - 27649. Calculate the highest common divisor of n and 273.
21
Let y = 111 - -153. Suppose 0 = 5*u - u - 5872. Let s = -1435 + u. What is the greatest common divisor of y and s?
33
Suppose 5 = -2*t + 6*s - s, -3*s + 3 = 0. Suppose -14*a + 255 - 31 = t. Calculate the greatest common divisor of a and 496.
16
Let w = 19709 - 19691. Let h = 9 - 7. What is the highest common divisor of h and w?
2
Suppose 9510 = -7*h + 33471. Calculate the highest common divisor of 42 and h.
21
Suppose -10*h - 6 = -86. Suppose -5462 = -h*x - 1710. What is the highest common factor of 7 and x?
7
Let w be (0 + 0)/((-3)/3). Suppose 1 = -5*c + 2*j + 16, j = 4*c - 12. Suppose w = p, 30 + 6 = r + c*p. Calculate the highest common factor of 24 and r.
12
Suppose -26*s + 70 = -28*s. Let c be (378/s)/(6/(-20)). Let j be ((-3)/4)/((-9)/c). Calculate the highest common factor of j and 9.
3
Let t be (675/(-30) - -20)*-26. What is the greatest common factor of 416 and t?
13
Let u be (-202715)/(-85) - 32/(-272). What is the highest common divisor of u and 45?
45
Suppose -2*g + 4*n + n = -362, 4*g = 3*n + 696. Suppose 109 = -13*h + 5. Let v = 11 - h. Calculate the highest common factor of g and v.
19
Let y = 1127 - 1071. Suppose 5*d - 196 - 8 = 4*l, 3*l = -2*d + 77. Let x = y - d. Calculate the highest common divisor of 144 and x.
16
Let j be (-1)/((2/25)/(72/90)). Let a(r) = -r**2 - 7*r + 38. Let i be a(j). Let d be (-30)/i*(-12 + 8). What is the highest common divisor of 165 and d?
15
Let g(w) = 14*w + 200. Let l be g(-12). Let s = 743 + -391. Calculate the greatest common divisor of l and s.
32
Suppose 3*y - 165 = -5*m, -3*y - 51 = 16*m - 17*m. What is the highest common divisor of 2394 and m?
18
Suppose -355*o - 3*y + 332 = -350*o, -2*o - 5*y = -148. Suppose -5*b = n - 13, 3*b - 45 = -5*n - 2*b. Calculate the highest common divisor of o and n.
8
Suppose 346*f = 1431374 + 278558. Calculate the highest common factor of f and 14.
14
Let g be (9/(-2))/((-3)/56). Suppose -7757 = -46*n + 1259. Calculate the greatest common divisor of n and g.
28
Let f(c) = -177*c + 8003. Let r be f(45). What is the highest common divisor of 7771 and r?
19
Suppose 35*z = 27*z + 2768. Let u = z - 196. What is the greatest common divisor of u and 5?
5
Suppose -20*y - 28*y + 3504 = 0. Calculate the highest common factor of y and 365.
73
Let b = -66 - -98. Let h(a) = 2 + 4*a - 42*a + 12*a. Let m be h(-3). What is the highest common divisor of m and b?
16
Suppose -f = 5*y - 23 - 24, 0 = -2*y + 6. Let k be (-51 + 50)*(2 - 29/(-1)). Let h = k + 191. What is the highest common factor of h and f?
32
Suppose 2*z = -2*a + 2006, 96*a - 93*a = z - 1023. Calculate the highest common factor of 56 and z.
56
Suppose 142*z + 4 = 143*z. Suppose -2*a - z*u = -806, u - 333 = -a + 72. Calculate the greatest common factor of 111 and a.
37
Let d(l) = 5*l**3 - 11*l**2 - 14*l - 111. Let p be d(10). What is the greatest common divisor of 712 and p?
89
Let c(a) = -101*a - 17. Let v be c(2). Let h = -165 - v. Calculate the greatest common factor of 270 and h.
54
Suppose -14*x + 5768 = 28*x - 13006. Calculate the greatest common factor of 1639 and x.
149
Let n = -316 + 639. Let t(j) = -j**3 - 19*j**2 - 17*j + 52. Let g be t(-18). What is the greatest common factor of n and g?
17
Suppose -3*o = z - 758 + 264, -3*z + 1494 = -3*o. Suppose -z*u + 124 = -493*u. What is the greatest common divisor of 496 and u?
31
Let a(r) = 16*r + 944. Let m be a(-51). Calculate the highest common divisor of 1168 and m.
16
Suppose 3*y + 11 = 8. Let k be y*2*(-46)/(-4). Let z = k + 36. What is the greatest common divisor of 117 and z?
13
Suppose 0*n = n + 16. Let u be (-348)/n + (-1)/(-4). Let b(y) = -y**3 + 11*y**2 - 2*y - 14. Let r be b(6). What is the highest common factor of r and u?
22
Let v(q) = q**3 - 31*q**2 - 64*q - 26. Let s be ((-12)/(-2))/(6 + 384/(-66)). Let w be v(s). Calculate the greatest common divisor of 140 and w.
20
Suppose 5*b - 7*b - 4*w + 1972 = 0, -w = -5. Calculate the highest common factor of 122 and b.
122
Let t = 54 - 29. Suppose -33 = -22*u + t*u. Let b be 2/u + (-1464)/(-66). What is the highest common divisor of 88 and b?
22
Let h(r) = -8*r + 3. Let d be h(-1). Suppose 4*x - 2*x - d = c, 2*x + 4*c + 4 = 0. Suppose 0 = -3*z - 3 + 15. Calculate the greatest common factor of z and x.
4
Suppose -5*r + t + 5683 = -543, 5*r - 6224 = -t. Calculate the highest common factor of 83 and r.
83
Suppose 102 = 5*k - 20*v + 19*v, -v = 4*k - 78. Calculate the highest common divisor of 264 and k.
4
Let i be -2*(33/21)/(2/(-14)). What is the greatest common factor of i and 472?
2
Let x(z) = -2*z**2 - 92*z + 112. Let v be x(-47). Suppose -u = s - v, -4*u - 10 = -s - 9*u. What is the highest common divisor of s and 80?
20
Suppose 5*d - 437 = -3*c + 3*d, -2*d = -3*c + 421. Let w = 160 - c. What is the highest common factor of w and 68?
17
Suppose 0 = 21*c - 30*c + 342. Suppose 12*h = 15*h - 798. What is the highest common factor of h and c?
38
Suppose -12 = j - 72. Suppose v - 8 = 2*p + 8, 0 = 4*v - 5*p - 49. Suppose -v*x + 8*x - 30 = 0. Calculate the highest common factor of x and j.
15
Let u be (-32)/18 - (-4)/(-18) - -5. Suppose -2*k - u*n + 96 = 0, 26 = -35*k + 36*k - 4*n. Calculate the greatest common divisor of 56 and k.
14
Let 